t common divisor of w and 17?
17
Let t(o) = o**3 - 8*o**2 + 8*o - 10. Let x be t(7). Let v(c) = c**3 + 5*c**2 + 4*c + 5. Let g be v(x). What is the greatest common divisor of g and 22?
11
Suppose -3*r - 4*o + 6962 = 0, 4*r - 4*o - 3092 = 6172. Calculate the greatest common divisor of 61 and r.
61
Let t = 1142 + -874. What is the greatest common factor of t and 8?
4
Let k be ((-212)/(-5))/((-13)/(-65)). Let o = 322 - k. Let b(g) = g**2 + 3*g - 6. Let n be b(4). What is the greatest common factor of n and o?
22
Suppose 0*j - j + 57 = 4*a, -a = 2*j - 16. What is the highest common divisor of a and 35?
7
Let d be 13*(12 + -4 + -7). Calculate the greatest common divisor of 26 and d.
13
Let t(i) = -2*i**3 + 16*i**2 + 3*i - 6. Let a be t(7). Let o = a - 71. Calculate the greatest common factor of o and 63.
21
Let y be 2/(-7) + 4 + (-26)/7. Let w be y - 122/(-4) - 6/12. What is the highest common divisor of 210 and w?
30
Let k = 22 + -13. Let b(d) = -33*d - 201. Let m be b(-8). What is the greatest common divisor of m and k?
9
Let r be 0*(-4 - -9)/10. Suppose -4*p - y + 306 = 0, p - 83 = -r*p + 3*y. Let z(u) = 2*u + 1. Let n be z(3). What is the highest common divisor of n and p?
7
Let n(f) = 7*f**2 + 22*f + 34. Let i(a) = a**2 - a. Let t(s) = -5*i(s) + n(s). Let l be t(-18). What is the highest common factor of 28 and l?
28
Suppose -151 - 101 = -4*o. What is the highest common divisor of 399 and o?
21
Let j be (-535)/(-20) - 6/8. Suppose -4*c + 4*b = -536, 2*c + 5*b = 9*b + 276. What is the highest common divisor of c and j?
26
Suppose 0 = 5*p - 10. Let i be -2 - 0/4 - 39. Let b = i - -43. Calculate the greatest common divisor of p and b.
2
Let r be (36/(-21) - -2)*(50 - 1). What is the greatest common divisor of r and 1260?
14
Let q be 301/6 - ((-250)/60)/(-25). What is the highest common divisor of q and 4?
2
Let i(b) = -2*b**2 + 12*b - 12. Let w be i(5). Let a be (-9 - (-1 + -2))/w. What is the highest common factor of 24 and a?
3
Let r(v) = -2*v + 2. Suppose 6*u - u - 80 = 0. Suppose 0 = 2*g - 6*g - u. Let w be r(g). What is the greatest common factor of w and 40?
10
Let d = -7 - -9. Suppose -4*f = -3*q - 6, -2*q + 3 = d*f + 7. Let b be (-1)/((-238)/(-120) + q). What is the greatest common factor of 20 and b?
20
Let d = 7 + -23. Let g = -4 - d. Let r be 52/6 + 86/(-129). What is the greatest common factor of r and g?
4
Let y(v) = -2*v + 36. Let a be y(17). Suppose 4*b - 104 = 6*t - a*t, -3*t = b - 42. What is the greatest common factor of 6 and b?
6
Let v be (-8)/(-6) + (-19594)/(-303). Let w(m) = m**2 + 5*m. Let k be w(-6). What is the greatest common divisor of k and v?
6
Let k(r) = 10*r + 3. Let v be k(11). Let j = v + -67. Suppose -3*d + 49 = -5*u, -2*d + 2*u + 38 = -0*d. Calculate the greatest common factor of d and j.
23
Let c = 209 - -12. What is the highest common factor of 13 and c?
13
Suppose -33*p + 30*p + 4*g = -1475, 4*g = 4. What is the highest common factor of 87 and p?
29
Let j = 757 - -1833. What is the greatest common factor of j and 37?
37
Let r(g) = 69*g**2 - 10. Let t be r(2). Suppose -4*m + l = -51 - t, 3*l = 9. What is the highest common factor of 16 and m?
16
Let r = 587 - 548. What is the greatest common divisor of r and 351?
39
Let v(a) = 7*a + 113. Let o be v(-15). Calculate the highest common factor of o and 136.
8
Let s be 48/9*-12*(-1)/8. Let a(v) = 89*v**2 + 2*v + 1. Let d be a(-1). What is the highest common divisor of d and s?
8
Suppose 11*d - 162 = 5*d. Let g(b) = b**3 + 7*b**2 + 3*b. Let s be g(-6). What is the greatest common factor of d and s?
9
Suppose 8*p = -15 + 55. Suppose 3*y = f - 6, -p*f + 66 = 2*y + y. What is the highest common factor of 3 and f?
3
Suppose 0*a - a - 2 = 0. Let t = a - -13. Let j = -7 + 40. Calculate the greatest common divisor of t and j.
11
Let y be (65 - -71)*2/8. Let u = -113 + 198. What is the highest common divisor of u and y?
17
Suppose -13 = -2*x - c, 3*x = c - 7 + 19. Suppose -3*o - 118 = -y - 3*y, -x*o + 18 = y. Calculate the greatest common factor of 308 and y.
28
Let a = 71 + -70. Suppose -6 - 38 = -11*u. What is the highest common factor of a and u?
1
Let t(w) = -6*w. Let g be t(-5). Let s be 2*20*1*(-126)/(-112). What is the highest common divisor of s and g?
15
Let d = -71 + 116. Let r = d - -5. Calculate the greatest common divisor of r and 10.
10
Let l(a) = 19*a + 219. Let s be l(19). Calculate the greatest common divisor of 10 and s.
10
Let y(t) = -t**3 + 7*t**2 - 4*t. Let l(v) = v**2 + 5. Let k be l(0). Let i be y(k). Calculate the highest common factor of i and 30.
30
Let k be 1 + 210 + -56 + 65. Calculate the greatest common divisor of k and 484.
44
Let j be (10 + (-20 - 15))*(6/(-10) + 0). Let y be 167 - (2 + 2 + -2). What is the greatest common factor of y and j?
15
Let x = 423 - 381. What is the highest common divisor of x and 63?
21
Let n(g) be the third derivative of 37*g**5/60 - g**4/4 + 5*g**3/6 - 15*g**2. Let b be n(1). Calculate the highest common divisor of b and 180.
36
Suppose 5*p = 5*z + 151 + 84, 3*p + z = 129. Let c be 202/6 + 8/(-12). What is the highest common divisor of p and c?
11
Let w = -38 - -41. Let i(k) = 8*k. Let c be i(w). What is the greatest common factor of c and 3?
3
Let z = 546 + 378. Calculate the highest common divisor of z and 168.
84
Suppose -19*w + 20*w + 213 = 0. Let r = w - -363. Calculate the highest common factor of 30 and r.
30
Suppose -3*l = t + 39, -3*l - 2 = -4*l. Let g be (-8)/(-60) + (-6969)/t + 1. What is the greatest common factor of g and 12?
12
Let f be -17*(-5)/((-10)/(-16)). Suppose -14*c + 9*c = -105. Let s be 19 - (c/28)/(6/16). What is the highest common factor of s and f?
17
Let m(n) = 3 - 1 + 21*n - 1. Let v be m(1). Suppose 2*d + 4*s - 14 = 0, -4*d + 3*s = -2*s - 54. Calculate the highest common factor of v and d.
11
Suppose 5*h - 735 = -2*h. Let r = 61 - 19. What is the highest common factor of h and r?
21
Suppose 66*s - 69*s = -144. What is the greatest common divisor of s and 120?
24
Let u = -488 - -922. Calculate the highest common divisor of 14 and u.
14
Let g be 3/(-8) + 5*33319/520. What is the greatest common divisor of 1520 and g?
80
Let p = -838 + 874. Calculate the greatest common factor of 28 and p.
4
Let v(r) = -61*r**2. Let x be v(1). Let h = x - -20. Let u = 58 + h. What is the highest common factor of 85 and u?
17
Suppose -v = -5*n - 124, -30*v + 31*v = -4*n + 79. What is the greatest common divisor of 143 and v?
11
Let n = 828 + -438. What is the greatest common divisor of 120 and n?
30
Let h = 6 - 2. Suppose 4832 - 660 = 149*q. What is the greatest common divisor of h and q?
4
Suppose -61*k + 11219 = -3177. Calculate the greatest common divisor of 295 and k.
59
Let d be 6*-2*22*(-2)/4. What is the highest common divisor of 12 and d?
12
Let z(u) = -4 - u**2 + 13*u - 28*u + 13*u. Let t be z(0). Let m be (-1548)/(-78) - t/26. Calculate the highest common factor of 20 and m.
20
Suppose 3*v - u + 9 = 53, -4*v - 3*u + 63 = 0. Let k be ((-14)/(-21))/((-2)/(-429)) - 8. Calculate the greatest common divisor of v and k.
15
Let v be ((-68)/(-3))/(2/33). Suppose 10*h - 180 = -h + 194. Calculate the greatest common factor of v and h.
34
Suppose -o = 2*q - 26, 4*o + 12 + 34 = 2*q. Suppose 5*u + 9 = 2*u. Let n be (21/6 + -2)/(u/(-120)). Calculate the greatest common factor of q and n.
15
Let n be (-1)/(-1 - (-8)/10). Let a(q) = 26*q - 272. Let i be a(12). Calculate the greatest common divisor of i and n.
5
Let k be 694*(-2)/(-16) - 1/(-4). What is the greatest common factor of 58 and k?
29
Let a = -286 - -319. What is the greatest common divisor of 44 and a?
11
Let c be 60/(-8)*((-29)/3 - -7). What is the highest common divisor of 970 and c?
10
Let s be 2/5 - (-1164)/(-10). Let r = s + 75. Let x = r + 73. What is the greatest common factor of x and 48?
16
Suppose 5*j + 1 - 16 = 0, -2*p = 3*j - 209. What is the greatest common factor of 120 and p?
20
Let i(w) = w**2 - 10*w + 22. Let n be i(8). Suppose 71 = 5*z - j, 4*z + 29 = n*z - j. Calculate the highest common factor of 112 and z.
14
Suppose 3*n + 5*o - 67 = 0, -2*n - 2*o + 35 = -7. Suppose -3*h = -3*y - n - 38, 0 = 3*h - 2*y - 53. Calculate the highest common divisor of 165 and h.
15
Suppose -u - 5 = 0, 0*j + 2*j - 3*u + 97 = 0. Let n = -78 - j. L